z(6)?
29
Suppose 3*z - 264 = -v, 6*z - 3*z + 1266 = 5*v. Suppose -42*i = 28*i + 49 + 2611. Let a be (v/68)/(2 - i/(-16)). Let s(d) = -d - 14. What is s(a)?
-4
Let m(d) be the third derivative of -d**6/60 + d**5/12 + d**4/6 - 2*d**3/3 + 26*d**2 + d. Suppose 0 = 2*a + 2, 6*g - 2*g - 12 = -4*a. Calculate m(g).
-36
Let o(h) = -4*h**3 + 9*h**2 + 8*h + 9. Let p(s) = 9*s**3 - 19*s**2 - 17*s - 18. Let b(n) = 7*o(n) + 3*p(n). Let a(d) = -72*d + 2599. Let j be a(36). Give b(j).
-5
Let k(w) = -27 - 121617*w**2 + w**3 - 121619*w**2 + 243252*w**2 + 12*w. Calculate k(-15).
18
Let u(z) be the first derivative of 15*z**2/2 + 113*z - 4570. Determine u(-6).
23
Let d(k) = k**3 + 19*k**2 + 40*k + 103. Let l be d(-17). Let w(j) = 16*j**2 - 5*j + 4. What is w(l)?
15
Let b(x) be the third derivative of x**5/120 - x**4/12 - 65*x**3/6 - 201*x**2 + 2. Let k(w) be the first derivative of b(w). Determine k(-4).
-6
Let b(x) = 7*x + 1. Let y(z) = 323*z - 151. Let m be y(2). Let c = 500 - m. What is b(c)?
36
Let b = -46 - -49. Suppose b*x = q - 2, -5*x - 1 = -q + 1. Let w(f) = -4 + 2 - 6 - q - f. Calculate w(-7).
-3
Let n(k) = 3*k**2 - 2*k - 3. Let m(w) = -w**3 - 53*w**2 + 355*w - 1. Let y be m(6). Give n(y).
62
Suppose 0 = 3*d - 6 - 0. Suppose 20 = 4*p + d*a + a, -p = 5*a - 22. Let f(x) = 17*x**2 - p - 8*x**2 - 10*x**2 - 10*x. Determine f(-9).
7
Let i(m) = -2*m**3 - 8*m**2 + 10*m + 2. Let d be i(-5). Let u(c) = 4 - 2 + 5*c - 25*c**3 + 24*c**3 + d - 5*c**2. Let l be (-17)/51*5*3. Determine u(l).
-21
Let w(s) = -1 + 5 - s**2 + 5*s + 0*s**2. Suppose 9*d = 15*d + 6. Let t be d/((12/15)/(-4)). Calculate w(t).
4
Let w(r) = 3*r**2 + 22*r + 1. Let v be w(-7). Let q(n) = 7*n + 8. Let t(m) = m + 1. Let j(g) = q(g) - 6*t(g). Calculate j(v).
-4
Let y(b) = 11*b**2 + 226*b - 8. Let n(r) = -14*r**2 - 281*r + 8. Let i(t) = 4*n(t) + 5*y(t). Let d(q) = 6*q - 1. Let x be d(1). Determine i(x).
-3
Let v(z) = -8*z - 16*z**2 + 12*z**2 - 7*z**2 + 7*z**2 + 8 + 8. Calculate v(-5).
-44
Suppose 0*n - 12 = -3*n. Let o(c) = -2 - 2*c - c + n*c - 5*c. Let y be (3/(-6))/(-1*2/12). Calculate o(y).
-14
Let y be (-1325)/(-530)*2/5. Let s(u) = -37*u**3 + 3*u - 2. Give s(y).
-36
Let z(v) = -3*v - 1. Let t be 215/9 + (-3)/(-27). Let q be 36/t*(-8)/3. Determine z(q).
11
Let w(v) = -125 + 19*v - 39*v + 22*v + 12*v**2 + 122. What is w(1)?
11
Suppose -79*q + 74*q + 38 = o, 3*o + 12 = 3*q. Let b(r) = 4 + 3*r**2 - 9*r + 5*r**2 + r**3 - 2*r**3. Give b(q).
-10
Let k(t) = 0 + 12 - 2 - 8*t - 1. Let o be k(1). Let z(b) = -6*b**2 - 1. Determine z(o).
-7
Let k(x) be the second derivative of -x**7/2520 + x**6/72 + x**5/15 + 2*x**4/3 - 2*x - 96. Let s(j) be the third derivative of k(j). Calculate s(10).
8
Let j(g) = -8*g + 239. Suppose -2*k - 240 = -16*k + 6*k. Calculate j(k).
-1
Let a(u) = -3*u**3 - 2*u**2 + 10*u - 13. Let x(v) = 2*v**3 + 3*v**2 - 6*v + 12. Let n(d) = 3*a(d) + 4*x(d). Calculate n(6).
45
Let o(p) = 8*p + 48. Let v(m) = 5*m + 23. Let n(r) = -4*o(r) + 7*v(r). Calculate n(7).
-10
Let p(a) = 16*a + 4*a + 4 + 1 - 55*a + 17*a + 19*a. Let b be 111/(-21) - 4/(-14). Give p(b).
0
Let d(o) = -o**3 - o + 1. Let p(r) = -5*r**3 - 7*r**2 - 3*r + 6. Let l(a) = 6*d(a) - p(a). Suppose 5*g - 30 = -y, 1614 = 5*g - 5*y + 1584. Calculate l(g).
18
Let r(k) = 2*k**2 - 3*k + 1. Let y(m) = 240*m + 8*m**2 + 237*m - 478*m - 7*m**2. Suppose 0 = 2*z - z + 3. Let q(s) = z*y(s) + r(s). What is q(3)?
-8
Let j(f) = f**2 + 6*f - 16. Let l be j(7). Let t = -73 + l. Let h(g) = -2 + 14 - g**t - g + 0*g**2 + 5. Determine h(0).
17
Let j(p) = -4*p - 30. Suppose 1405*n = 1414*n + 72. Give j(n).
2
Let w(v) = -3*v + 10. Let c(y) = 37*y - 59. Let d(x) = -13*x + 20. Let k(g) = -3*c(g) - 8*d(g). Let r(u) = 2*k(u) - 5*w(u). Calculate r(0).
-16
Let y(i) = 3*i**2 + 36*i + 29. Let g be y(-13). Let x be (-16 + 0)*51/g. Let f(a) = -a**3 - 13*a**2 - 12*a - 7. What is f(x)?
-7
Suppose 5*o - 5 = 0, -4*o = -3*s - 3*o - 40. Let r(f) = f**2 + 14*f + 19. Let d be r(s). Suppose d*w + 21 = -15. Let y(u) = u**2 + 4*u + 5. Give y(w).
17
Let i(p) = 6*p**2 + p. Suppose -100 = -3*s - 103. Let q be i(s). Let a(m) = -m**2 + 8*m - 9. Give a(q).
6
Let a(f) = 41*f**2 + f - 1. Let k be a(-1). Let b be 3/(-5) + (-24)/(-15). Let s(d) = 39*d - b - k*d - d**2. What is s(-2)?
-5
Let d = -61 - -53. Let b be 5/(20/d) - -4. Let k(t) = 3*t**2 - t**3 - 56*t + 2 - b*t**2 + 57*t. Give k(2).
0
Let q(u) = -u. Let m(i) = 2*i - 92. Let g(c) = -m(c) - 5*q(c). Give g(0).
92
Suppose 4*p + 114 = -5*g + 168, 0 = -2*p - g + 18. Let u(n) = -3*n - 23. Let s(o) = -o - 11. Let l(i) = -9*s(i) + 4*u(i). Give l(p).
-11
Let s(i) = -6*i + 60. Let b(w) = -2*w**2 + 122*w - 1856. Let t be b(29). Calculate s(t).
60
Let k(i) = -i + 12. Suppose 5*o + 35 - 55 = 0. Suppose -4*j + 2*j = -2*p - 30, o*j = -5*p + 69. Determine k(j).
-4
Let l(o) = -18 - 3 + 13 + 5*o + 7*o + 6*o. Determine l(3).
46
Let q(t) = 5*t + 253. Let d(x) = 3*x + 153. Let r(v) = 8*d(v) - 5*q(v). What is r(-10)?
-31
Let a be (-3)/((3 - 1) + -7 - -4). Let f be a*(-8)/36*-3. Let r(k) = -k**3 - 3*k**2 + 2*k - 3. Give r(f).
-19
Let v(i) = -5*i**3 + 5*i**2 - 5*i - 4. Let m(d) = -6*d**3 + 6*d**2 - 6*d - 7. Let p(q) = -4*m(q) + 5*v(q). Determine p(0).
8
Let z(n) = -n**3 + n**2 + 1. Let x be (-2 + 3)/(-1 + 0). Let c(m) = 46 + 37 - 85 - 4*m - 2*m**2 + 5*m**3. Let h(u) = x*c(u) - 6*z(u). Calculate h(3).
-1
Let f(x) = x**2 + 8*x - 3. Let m be ((-1)/((-4)/6))/(3/(-6)). Let t(a) = -3. Let y(r) = m*t(r) + f(r). Calculate y(-6).
-6
Let j(f) = -3*f - 92. Let r be -54 + 63/33*11. Determine j(r).
7
Let y(r) be the second derivative of r**8/6720 - r**7/630 - r**5/60 + r**4/6 - r**3/2 - 84*r. Let p(j) be the third derivative of y(j). Determine p(4).
-2
Let n = -8 - -12. Suppose 0 = -9*d + n*d. Let t(f) be the first derivative of -f**3/3 + f**2/2 - 3*f + 133. Give t(d).
-3
Let h(k) be the second derivative of 11*k**3/3 - k**2 + 6212*k. Calculate h(-3).
-68
Let g(p) = -p + 3. Suppose 0 = -7*w + 10*w - 21. Let z be g(w). Let q(f) = -2*f - 8. Determine q(z).
0
Let r(i) = 10*i + 206. Suppose -5*o - g = 96, 5*o + 49 = -3*g - 39. Let k be r(o). Let p(l) = -2*l + 6. Determine p(k).
-6
Let z(x) be the second derivative of x**4/12 - x**3 - 2*x**2 - 7*x + 5. Let i = 19 + -10. Suppose -5*n - 16 = -i*n. Give z(n).
-12
Suppose -2642 = -5*g - 17*b + 18*b, -1064 = -2*g + 4*b. Suppose -g*u + 522*u = -18. Let k(l) = 5*l. Calculate k(u).
15
Let i(s) be the third derivative of s**5/60 + 7*s**4/12 + 35*s**3/6 - 3*s**2 - 2*s - 224. What is i(-4)?
-5
Let s(g) = 290*g - 587*g + 303*g + 78. Determine s(-15).
-12
Suppose o = -v - 16, 24*o = 23*o - 5*v - 32. Let i(j) = 3*j + 24. Determine i(o).
-12
Let c(s) = -923 - 80*s + 1889 - 10*s**2 - 946. Determine c(-8).
20
Let s = 1 - -48. Let g = -54 + s. Let x(z) = -z + 2. Let k(i) = 6*i - 11. Let t(v) = 6*k(v) + 34*x(v). Give t(g).
-8
Let v(l) = -3*l**2 - 22*l - 7. Suppose -70 - 182 = 45*d + 18. Determine v(d).
17
Let r(q) = 27*q - 1. Let v(a) = 2*a**2 - 274*a - 62. Let k(c) = 10*r(c) + v(c). What is k(7)?
-2
Let o(c) = c. Let h(v) = v**2 - 17*v - 28. Let p(k) = -h(k) - 5*o(k). Let s be 86/6 + (-3)/9. Let z be p(s). Let j(l) = -l**2 + l + 10. Determine j(z).
10
Let q = -4 + 6. Let k(l) = 0*l**2 + l**q + 2*l - 2*l**2 + 8. Let r be (0 - -2)/(31/93). Calculate k(r).
-16
Let b(o) = -o**3 + 6*o**2 - 3*o - 3. Let r be b(5). Let l(s) be the first derivative of -s**3/3 + 7*s**2/2 + s + 1048. What is l(r)?
1
Suppose -191*p - 405 = -194*p. Let f = p - 136. Let a(m) = 6*m**2 + 2*m + 1. Determine a(f).
5
Let m(s) = 1717*s - 82423. Let h be m(48). Let k = -5 - -7. Let c(l) = 3 - l**k - 5 - 4 - 10*l. What is c(h)?
15
Let x be (-787)/(-3) + -5 - 2/6. Let j(z) = 280*z - 553*z + x*z + z**2 - 13. Give j(16).
-13
Suppose -2*c + 20 = -44. Suppose -4*v - c = 2*j, v + 20 = -3*v. Let o(n) = n**2 + n - 2. Calculate o(j).
28
Suppose 0 = 5*y + 4*h - 37 - 39, 0 = 2*y - 3*h - 12. Let j(i) = -13*i + 8 + y*i + 6*i - 2*i**2 + 2*i. Let w = 75 - 69. Give j(w).
-22
Suppose -22*r + 14 = -24*r. Let s(j) = -j**2 - 9*j + 2. Let c(d) = 2*d**2 + 18*d - 3. Let n be (-42)/35*(-15)/6. Let m(l) = n*c(l) + 5*s(l). Determine m(r).
-13
Suppose 23*g + 11*g = 0. Let y(v) = 14*v + g + v - 4 - v**2 - 16. Determine y(14).
-6
Let i(d) = d**2 - 20*d - 148. Let p be i(-6). Let l(a) = a + 2. Let y(f) = 4